{"id":39,"date":"2025-09-28T09:34:40","date_gmt":"2025-09-28T09:34:40","guid":{"rendered":"https:\/\/yilmazanahtar.com.tr\/about\/"},"modified":"2025-09-29T07:17:51","modified_gmt":"2025-09-29T07:17:51","slug":"about","status":"publish","type":"page","link":"https:\/\/yilmazanahtar.com.tr\/?page_id=39","title":{"rendered":"Hakk\u0131m\u0131zda"},"content":{"rendered":"\n\n\nHakk\u0131mzda\n\n\n\n\n\n\n\nbiz Kimiz?\n<p style=\"-webkit-font-smoothing: antialiased; font-family: Arimo, sans-serif; font-size: 16px; font-style: normal; font-variant-ligatures: normal; font-variant-caps: normal; font-weight: 400; background-color: rgb(255, 255, 255);\">Firmam\u0131z, ihtiyac\u0131n\u0131z oldu\u011fu her an yan\u0131n\u0131zda olmaktad\u0131r. 2024 y\u0131l\u0131ndan bu zamana kadar sizlere en kaliteli hizmeti en k\u0131sa s\u00fcrede sunmay\u0131 ama\u00e7 edinmi\u015ftir. <\/p>\n<p style=\"-webkit-font-smoothing: antialiased; font-family: Arimo, sans-serif; font-size: 16px; font-style: normal; font-variant-ligatures: normal; font-variant-caps: normal; font-weight: 400; background-color: rgb(255, 255, 255);\">M\u00fc\u015fteri memnuniyetini en \u00fcst seviyede sa\u011flamay\u0131 hedefleyen firmam\u0131z, y\u0131llarca s\u00fcregelen deneyimini art\u0131k kendi markas\u0131 ile m\u00fc\u015fterilerinin hizmetine sunmakta ve her ge\u00e7en g\u00fcn yeni ve mutlu m\u00fc\u015fterilerini portf\u00f6y\u00fcne ekleyerek ba\u015far\u0131lar\u0131na devam etmektedir.<\/p>\n<p style=\"-webkit-font-smoothing: antialiased; font-family: Arimo, sans-serif; font-size: 16px; font-style: normal; font-variant-ligatures: normal; font-variant-caps: normal; background-color: rgb(255, 255, 255);\"><span style=\"font-weight: 400;\">Alan\u0131nda uzman personelimiz ile <\/span><strong>Oto ve Ev \u00c7ilingir Hizmeti<\/strong> sunan firmam\u0131z Rize merkezli olarak \u00e7evre il ve il\u00e7elere 7 g\u00fcn 24 saat hizmet vermektedir.<\/p>\n\n\n","protected":false},"excerpt":{"rendered":"","protected":false},"author":1,"featured_media":0,"parent":0,"menu_order":0,"comment_status":"closed","ping_status":"closed","template":"","meta":{"pagelayer_contact_templates":[],"_pagelayer_content":"","footnotes":""},"class_list":["post-39","page","type-page","status-publish","hentry"],"_links":{"self":[{"href":"https:\/\/yilmazanahtar.com.tr\/index.php?rest_route=\/wp\/v2\/pages\/39","targetHints":{"allow":["GET"]}}],"collection":[{"href":"https:\/\/yilmazanahtar.com.tr\/index.php?rest_route=\/wp\/v2\/pages"}],"about":[{"href":"https:\/\/yilmazanahtar.com.tr\/index.php?rest_route=\/wp\/v2\/types\/page"}],"author":[{"embeddable":true,"href":"https:\/\/yilmazanahtar.com.tr\/index.php?rest_route=\/wp\/v2\/users\/1"}],"replies":[{"embeddable":true,"href":"https:\/\/yilmazanahtar.com.tr\/index.php?rest_route=%2Fwp%2Fv2%2Fcomments&post=39"}],"version-history":[{"count":3,"href":"https:\/\/yilmazanahtar.com.tr\/index.php?rest_route=\/wp\/v2\/pages\/39\/revisions"}],"predecessor-version":[{"id":124,"href":"https:\/\/yilmazanahtar.com.tr\/index.php?rest_route=\/wp\/v2\/pages\/39\/revisions\/124"}],"wp:attachment":[{"href":"https:\/\/yilmazanahtar.com.tr\/index.php?rest_route=%2Fwp%2Fv2%2Fmedia&parent=39"}],"curies":[{"name":"wp","href":"https:\/\/api.w.org\/{rel}","templated":true}]}}